b**4/24 - 11*b**2. Let j(w) be the second derivative of a(w). What is j(-2)?
-3
Let k(t) = t**2 - t + 5. Let i be k(0). Suppose -i*w + 2*w = -12. Let o(n) = n**3 - 3*n**2 - 7*n + 6. Calculate o(w).
-6
Let a(b) be the first derivative of b**4/12 + b**3/6 + b**2/2 + 22*b + 2. Let n(q) be the first derivative of a(q). Calculate n(-4).
13
Let f(g) = -27*g - 15. Let t(v) = -12 - 13*v + 5 + 0*v. Let d(u) = 6*f(u) - 13*t(u). Let c(r) = r - 9. Let i be c(8). Calculate d(i).
-6
Suppose -14 = 24*p - 26*p. Let l(h) = -h + 6. Give l(p).
-1
Let b(t) be the second derivative of -t**3/3 - 9*t**2 - 2*t + 42. What is b(-13)?
8
Let s(g) = 2*g + 9. Let b(l) = 49*l**2 - 21*l. Let v(i) = -5*i**2 + 2*i. Let k(u) = 2*b(u) + 21*v(u). Let n be k(1). What is s(n)?
-5
Let r(h) be the second derivative of -6*h + 0 - 1/3*h**4 + 1/6*h**3 + 1/20*h**5 + 0*h**2. Give r(4).
4
Let q be (2/(-4))/(2/4). Let d(k) = -12*k**3 + 9*k**2 + 18*k - 7. Let r(o) = o**3 - 2*o**2 - 4*o + 2. Let z(f) = d(f) + 4*r(f). Give z(q).
8
Let p be -2*5/60*-6. Let y(x) = -2 - p + 40*x - 38*x. Determine y(6).
9
Let n = 67 - 55. Let z(b) = b - 16. What is z(n)?
-4
Let s(u) = 4*u - 1. Let p be s(1). Let b(t) = 1. Let n(r) = r + 3. Let h be (0 + (-16)/(-6))/(6/27). Let q(m) = h*b(m) - 3*n(m). Determine q(p).
-6
Let z(t) = -t**2 + 5*t + 3. Let n(x) = -10*x - 16. Let j be n(-3). Let d(a) = -a**3 + 16*a**2 - 29*a + 20. Let l be d(j). Calculate z(l).
-3
Let k be (5 + 4/(-4))*-1. Let b be (2 - 0) + k/(-1). Let v(i) = i**3 - 6*i**2. Determine v(b).
0
Let h(v) be the first derivative of v**3/3 + 7*v**2/2 + 9*v + 1. Let f = 23179 + -23185. Calculate h(f).
3
Let q(a) = a**2 + 7*a - 6. Suppose -4*f - 5*v = 57, -2*f = 3*v + 35 - 4. What is q(f)?
2
Suppose 0 = -3*j - j - 20, 6 = -2*y - 2*j. Let s = 6 - y. Let h be (-2 + 6)*s/16. Let p(q) = -2*q + 1. Determine p(h).
-1
Suppose -4*a = -2*c - 30, 3*a - 16*c = -14*c + 24. Let r(y) = -y**2 + 6*y - 1. Give r(a).
-1
Let f be (-114)/12 + (-2)/(-4) + -3. Let u(m) = m**2 + 12*m + 6. Give u(f).
6
Let h(v) = v**2 - 5*v - 1. Suppose -2*o - 1 = -7. Suppose 27 = o*q + 3. Suppose -4*n + 8 + q = 0. Calculate h(n).
-5
Let m(d) = -3*d**3 + 3*d**2 - 5*d + 11. Let b(k) = -4*k**3 + k**2 - 4*k + 11. Let z(y) = 2*b(y) - 3*m(y). Determine z(6).
-5
Let h(w) = -w**2 - 6*w. Let z(q) = q**2 + 6*q + 1. Let u(k) = 5*h(k) + 6*z(k). Determine u(-6).
6
Let n(w) be the third derivative of -w**5/60 + w**4/8 - w**3/3 - w**2. Let t be (-21 + 24 + 26/(-8))*-8. Calculate n(t).
0
Let b(o) = 3*o - 4. Let r(d) = d**3 - 8*d**2 + 15*d + 4. Let s be r(3). Calculate b(s).
8
Let y be 22/(-5) + 10/25. Let p(a) = -86 + 4*a - 85 + a**3 - 79 + 252 + 5*a**2. Determine p(y).
2
Let n(x) = -x + 12. Suppose 0 = -2*u + 2, 3*s = 4*s - 4*u + 14. Give n(s).
22
Let v(m) = -5*m**2 + 8*m + 1. Let p(r) = -4*r**2 + 8*r. Let t(k) = 4*p(k) - 3*v(k). Let l be 4*1/((-4)/(-6)). Determine t(l).
9
Suppose 61*d - 31 = 4*d + 482. Let i(m) = -7*m**2 + 10*m - 7. Let z(a) = 13*a**2 - 20*a + 15. Let v(p) = -11*i(p) - 6*z(p). Determine v(d).
-4
Let n(f) be the third derivative of -f**6/120 + f**5/10 - f**4/4 + f**3/3 - 10*f**2. Let h be -3 + 5 - -2 - -1. Calculate n(h).
-3
Let t(m) = -m**3 - 2 + 4*m**2 + 2*m**3 - 5*m - 7*m + 14*m - 2*m**3. Calculate t(5).
-17
Let l be (6/2)/(-3 + 2). Let d(x) = x**3 + 3*x**2 + 2. What is d(l)?
2
Let x(k) = 10*k**3 + k. Suppose 0 = -2*w + 2*j + 12, 13 = 2*w + 2*j + 21. Give x(w).
11
Let w(m) be the second derivative of -m**3/2 + 13*m**2 + 44*m + 1. Calculate w(11).
-7
Let b = 61 + -60. Let d(f) = -3*f + 2. Determine d(b).
-1
Let l(a) = -2*a + 250 + 253 + 249 - 747. What is l(6)?
-7
Let r(g) = -6*g**2 - g. Let i be (-5)/((-20)/(-8)) + 3. Let o be r(i). Let n(s) = 9*s - 9. Let h(j) = -8*j + 8. Let x(a) = o*h(a) - 6*n(a). Calculate x(5).
8
Let p(y) be the second derivative of y**5/20 + y**4/4 - y**3/3 - y**2 - 127*y. Let h(n) = n. Let o be h(-4). Give p(o).
-10
Let i(y) be the third derivative of -y**5/60 + y**4/2 - y**3/6 - 162*y**2 + 2. What is i(6)?
35
Let q be (-6)/((-66)/55) + -11. Let k(m) = -4*m + 2*m - 6*m**2 + m**3 - 2*m**3 - 9. What is k(q)?
3
Let x(a) = a**2 + 22*a + 22. Let n be 14*(24/(-4) + 36/8). Determine x(n).
1
Let d(z) = -5*z - 1 + 0 + 3*z - z**3 + z**2. Suppose 149 = -49*c + 51. Give d(c).
15
Let h = 887 + -871. Let t(j) = -4*j**2 + 63*j + 13. Give t(h).
-3
Let p = -15 + 10. Let y(h) = 11*h. Let i(x) = -x**3 + 4*x**2 - 3*x - 3. Let b be i(3). Let n(f) = 4*f. Let v(j) = b*y(j) + 8*n(j). What is v(p)?
5
Suppose -4*w = -61 + 13. Suppose 16*s - 16 = w*s. Let d(h) = -h**2 + 3*h - 5. Determine d(s).
-9
Suppose -22 = -346*a + 335*a. Let k(m) = 2*m**2 - 3. Calculate k(a).
5
Suppose 0 = -2*t - 3*d + 8, 5*t + 4*d - 32 = -5. Let h(m) be the first derivative of m**3/3 - 7*m**2/2 + m + 109. Give h(t).
1
Let z(k) = -k**3 + 14*k**2 - 12*k - 13. Let u be z(13). Let x(g) = u*g - g**3 + g + 3*g**2 - 2 - 2*g + 2*g. Let a be ((-6)/8 - 0)*-4. Calculate x(a).
1
Let c = -16 + 12. Let l(p) = -5*p**3 + 11*p**2 - 4*p - 4. Let i(m) = -4*m**3 + 10*m**2 - 3*m - 3. Let w(r) = -6*i(r) + 5*l(r). Determine w(c).
-10
Let j(n) = 6*n**2 - 6*n + 6. Let a(u) = u**2 + 1. Suppose 4*r - 5*r + 1 = 0. Let g(l) = r*j(l) - 5*a(l). Suppose 3*k - 7*k + 16 = 0. What is g(k)?
-7
Let t(k) = 3*k + 6. Let a = -20 - -18. Let i(z) = z - 1. Let c(l) = a*i(l) - t(l). What is c(-4)?
16
Let t(y) = 6*y**3 + y**2 - y. Let l be ((-4)/5)/((-10)/(-525)). Let z = 43 + l. Calculate t(z).
6
Let h = -1247/6 + 208. Let z(n) be the second derivative of 0*n**2 + 4*n + 0 - h*n**3. Give z(4).
-4
Suppose g = -r + 2, 4*g - r - 3 = -0*r. Let x(j) = 6*j**2 + j - 1 + 4*j**2 - 12*j**2. Calculate x(g).
-2
Let t(h) = 2*h + 2*h - 2*h + 17. Let a be t(-7). Let l(s) = s**2 - 3*s + 3 - a*s + 2*s + 0*s**2. Determine l(2).
-1
Let z(k) = -2*k - 1. Suppose -2*v = -s - 2, 5*v = s + 3 - 1. Suppose 4*h + t = -1, 2*h + v*h + 4*t = 10. Let n be (1 + -1 + h)/(-1). What is z(n)?
-3
Let l(q) = 4*q**2 + 17*q + 8. Let n = 1691 - 1695. Calculate l(n).
4
Let w = -16 - -59. Let l = 43 - w. Let b(v) = v + 5. Calculate b(l).
5
Let y(p) = 3*p + 5*p + p**3 - 12*p + 3 + 5*p + 5*p**2. What is y(-5)?
-2
Let v(j) = j**3 - 2*j**2 - 23*j - 1. Let b be v(6). Let l(r) = -r**3 + 5*r**2 + r + 2. Give l(b).
7
Let s(y) = 3*y**2 + 7*y - 9. Let k be s(2). Let q(u) = -k*u - 3 - 20*u + 40*u. What is q(-3)?
-12
Let c(o) = 3 - 13 + 7*o**2 - 7*o + 6 - o**3 + 0*o**3. Calculate c(6).
-10
Let c be (-2)/(-14) + 13/7. Let d be (c/5)/(9/(-90)). Let l(k) = -1 - 5*k - k**3 + k**2 - 5 - 6*k**2. Give l(d).
-2
Suppose 2*p = 5*q + 17, 17 = 3*p - 2*q + 3*q. Let k(t) = 5*t + 15. Let j(g) = -4*g - 14. Let n(o) = p*j(o) + 5*k(o). What is n(6)?
-3
Let g(h) = -3*h**2. Suppose 0 = -2*q + 6*q - 16. Let x be (12 - q)*(-6)/(-8). Let t be (-2)/(-6) - (-4)/x. Calculate g(t).
-3
Let s(l) be the second derivative of 9/2*l**2 + 1/2*l**3 + 0 - 27*l. Let a be 3*-2*(-1)/(-1). Calculate s(a).
-9
Let d = 103 + -98. Let l(t) = -t + 1. Give l(d).
-4
Suppose 4*s + 25 = i - 12, 0 = 4*i + 3*s - 53. Let h(l) = l - 22. Calculate h(i).
-5
Let b(l) = 70*l**2 - l**3 + 3*l - 66*l**2 + 0*l + 2 + l. Determine b(5).
-3
Let c(j) = -j**3 - 13*j**2 + 14*j + 7. Let a(m) = -m**3 - m**2 - 2*m - 14. Let n be a(0). Give c(n).
7
Let q(g) be the first derivative of -g**4/4 + 8*g**3/3 - g**2/2 + 3*g - 20. Let p = -27 - -35. Give q(p).
-5
Let a(k) = -k - 12. Let x be ((-1)/(-3))/(365/(-45) - -8). Give a(x).
-9
Let k(i) = -3*i**2 + 9*i + 3. Let l(a) = a**2 - a - 1. Let b(y) = k(y) + 4*l(y). Suppose 0 = 3*p + 2 + 10. Determine b(p).
-5
Let f(t) be the third derivative of -t**7/2520 - t**6/90 - t**5/15 - 5*t**4/12 + 10*t**2. Let g(x) be the second derivative of f(x). What is g(-7)?
-1
Suppose 30 = -5*n - 5. Let b(j) = j**3 + 7*j**2 + j + 3. What is b(n)?
-4
Let i(k) = -5*k + 15. Let f(h) = -5*h + 14. Let g(l) = -6*f(l) + 5*i(l). Give g(7).
26
Let w = -9 + 53. Let h = -40 + w. Let c(y) = -y**2 + y - 2. Give c(h).
-14
Let q(x) = -33695 - 6*x + 2*x + 3*x - x**2 + 0*x**2 + 33701. Calculate q(-5).
-14
Let r(j) = -42*j + 5. Let y(h) = -8*h - 2. Let i(a) = -r(a) + 4*y(a). Calculate i(-6).
-73
Suppose 0*y = y. Let x = -34 - -41. Let f(c) = -12*c + 6*c + 6 + x*c. What is f(y)?
6
Let h(i) = 6*i**2 - 2*i + 1. Let q(y) = y**2 + 11*y + 25. Let d be q(-3). Calculate h(d).
5
Let n(k) = -k